{"id":37,"date":"2021-11-18T15:32:08","date_gmt":"2021-11-18T14:32:08","guid":{"rendered":"http:\/\/output.di.unisa.it\/?page_id=37"},"modified":"2021-11-24T19:42:48","modified_gmt":"2021-11-24T18:42:48","slug":"seminari-aziendali","status":"publish","type":"page","link":"https:\/\/output.di.unisa.it\/index.php\/seminari-aziendali\/","title":{"rendered":"Le nostre Attivit\u00e0"},"content":{"rendered":"\n<p class=\"has-drop-cap\">Le Attivit\u00e0 di Orientamento in Uscita per le Lauree (triennale e magistrale) in Informatica della Universit\u00e0 di Salerno hanno come obiettivo quello di facilitare l&#8217;inserimento del neolaureato (triennale e magistrale) all&#8217;interno del mondo del lavoro. <\/p>\n\n\n\n<p>Il mondo del lavoro nel campo dell&#8217;Information and Communication Technology (ICT) \u00e8 in fase di espansione, e quindi risulta particolarmente fiorente e attivo. Da questo punto di vista le Attivit\u00e0 di Orientamento in Uscita sembrano andare &#8220;sul velluto&#8221; in un contesto cos\u00ec dinamico, eppure \u00e8 paradossalmente in questo contesto che le attivit\u00e0 di guida, in un mercato che offre tante opportunit\u00e0, risultano fondamentali per permettere <strong>ad ogni ex-studente neolaureato il contesto lavorativo dove meglio pu\u00f2 esprimere le sue potenzialit\u00e0<\/strong>. <\/p>\n\n\n\n<figure class=\"wp-block-image size-large wp-duotone-000000-ffffff-1\"><img loading=\"lazy\" decoding=\"async\" width=\"1024\" height=\"768\" src=\"https:\/\/output.di.unisa.it\/wp-content\/uploads\/2021\/11\/university-105709_1920-1024x768.jpg\" alt=\"\" class=\"wp-image-105\" srcset=\"https:\/\/output.di.unisa.it\/wp-content\/uploads\/2021\/11\/university-105709_1920-1024x768.jpg 1024w, https:\/\/output.di.unisa.it\/wp-content\/uploads\/2021\/11\/university-105709_1920-300x225.jpg 300w, https:\/\/output.di.unisa.it\/wp-content\/uploads\/2021\/11\/university-105709_1920-768x576.jpg 768w, https:\/\/output.di.unisa.it\/wp-content\/uploads\/2021\/11\/university-105709_1920-1536x1152.jpg 1536w, https:\/\/output.di.unisa.it\/wp-content\/uploads\/2021\/11\/university-105709_1920-110x83.jpg 110w, https:\/\/output.di.unisa.it\/wp-content\/uploads\/2021\/11\/university-105709_1920.jpg 1920w\" sizes=\"auto, (max-width: 1024px) 100vw, 1024px\" \/><\/figure>\n\n\n\n<p>Le attivit\u00e0 sono organizzate lungo due direttrici di lavoro:<\/p>\n\n\n\n<ul class=\"wp-block-list\"><li><strong>Seminari Aziendali<\/strong> di Orientamento al mondo del lavoro, tenuti da aziende ospiti, che presentano la loro attivit\u00e0, il loro percorso di recruitment, e i progetti e le tecnologie su cui sono attivi. La eterogeneit\u00e0 delle aziende permette ai nostri laureandi (ma anche a studenti, i seminari sono ad accesso libero!) la possibilit\u00e0 di avere un panorama ampio del tipo di lavoro che \u00e8 possibile per un laureato, e del tipo di crescita che si pu\u00f2 ottenere a livello professionale. In particolare, i Seminari Aziendali vengono tenuti da grandi aziende multinazionali, con sedi localizzate in Italia e in Europa, ma anche da aziende Piccole e Medie, che offrono un panorama della situazione dell&#8217;ICT a livello locale. <\/li><li><strong>Seminari di guida all&#8217;ingresso nel mondo del lavoro<\/strong>, tenuti dal Prof. Scarano o da esperti del settore a livello di Ateneo che hanno come obiettivo quello di guidare il laureando nella preparazione ad un ingresso efficace sul mondo del lavoro, curando i temi tradizionali quali quelli della preparazione del Curriculum Vitae oppure di presentazione dei colloqui di lavoro, ma anche temi non tradizionali (tipicamente organizzati in modalit\u00e0 condivisa con esperti esterni) relativi a tematiche trasversali (certificazioni, sviluppo open source,  lavoro da remoto (prima che il tema diventasse pane quotidiano per la pandemia), etc.). <br>Tipicamente sono organizzati all&#8217;inizio di ogni semestre (la parte di guida del CV e ai colloqui, etc.) e sono anche finalizzate a facilitare il superamento della prova che permette l&#8217;<a href=\"https:\/\/output.di.unisa.it\/index.php\/procedura-di-accreditamento-cfu\/\" data-type=\"page\" data-id=\"111\">accreditamento del CFU<\/a> che viene dato per queste attivit\u00e0 per la laurea triennale e per la laurea magistrale. <\/li><\/ul>\n\n\n\n<p><\/p>\n","protected":false},"excerpt":{"rendered":"<p>Le Attivit\u00e0 di Orientamento in Uscita per le Lauree (triennale e magistrale) in Informatica della Universit\u00e0 di Salerno hanno come obiettivo quello di facilitare l&#8217;inserimento del neolaureato (triennale e magistrale) all&#8217;interno del mondo del lavoro. Il mondo del lavoro nel campo dell&#8217;Information and Communication Technology (ICT) \u00e8 in fase di espansione, e quindi risulta particolarmente &hellip; <\/p>\n","protected":false},"author":1,"featured_media":41,"parent":0,"menu_order":0,"comment_status":"closed","ping_status":"closed","template":"","meta":{"om_disable_all_campaigns":false,"_monsterinsights_skip_tracking":false,"_monsterinsights_sitenote_active":false,"_monsterinsights_sitenote_note":"","_monsterinsights_sitenote_category":0,"_uf_show_specific_survey":0,"_uf_disable_surveys":false,"footnotes":""},"class_list":["post-37","page","type-page","status-publish","has-post-thumbnail","hentry"],"aioseo_notices":[],"_links":{"self":[{"href":"https:\/\/output.di.unisa.it\/index.php\/wp-json\/wp\/v2\/pages\/37","targetHints":{"allow":["GET"]}}],"collection":[{"href":"https:\/\/output.di.unisa.it\/index.php\/wp-json\/wp\/v2\/pages"}],"about":[{"href":"https:\/\/output.di.unisa.it\/index.php\/wp-json\/wp\/v2\/types\/page"}],"author":[{"embeddable":true,"href":"https:\/\/output.di.unisa.it\/index.php\/wp-json\/wp\/v2\/users\/1"}],"replies":[{"embeddable":true,"href":"https:\/\/output.di.unisa.it\/index.php\/wp-json\/wp\/v2\/comments?post=37"}],"version-history":[{"count":9,"href":"https:\/\/output.di.unisa.it\/index.php\/wp-json\/wp\/v2\/pages\/37\/revisions"}],"predecessor-version":[{"id":123,"href":"https:\/\/output.di.unisa.it\/index.php\/wp-json\/wp\/v2\/pages\/37\/revisions\/123"}],"wp:featuredmedia":[{"embeddable":true,"href":"https:\/\/output.di.unisa.it\/index.php\/wp-json\/wp\/v2\/media\/41"}],"wp:attachment":[{"href":"https:\/\/output.di.unisa.it\/index.php\/wp-json\/wp\/v2\/media?parent=37"}],"curies":[{"name":"wp","href":"https:\/\/api.w.org\/{rel}","templated":true}]}}